
Let r(w) = -w**3 + 86*w**2 - 1549*w - 112. Determine r(62).
-3894
Let l(b) = -448*b + 2. What is l(1)?
-446
Let c(g) = 5*g**2 + 1775*g - 14537. Give c(8).
-17
Let c(y) = 962*y + 137572. Give c(-143).
6
Let v(r) = -3*r**3 + 258*r**2 - 349*r + 30002. What is v(86)?
-12
Let z(r) = 24*r**2 + 231*r - 1469. Give z(-14).
1
Let g(z) = -16*z**3 + 303*z**2 - 8*z - 2. Give g(19).
-515
Let u(c) = -460101*c + 7821710. Give u(17).
-7
Let r(b) = 231911*b + 1855285. Give r(-8).
-3
Let k(x) = 1214*x + 179726. Calculate k(-148).
54
Let q(g) = -28*g**2 + 1128*g + 7767. Give q(-6).
-9
Let w(t) = -4*t**2 - 406*t - 7906. What is w(-75)?
44
Let b(q) = 1218*q**2 + 14640*q + 282. What is b(-12)?
-6
Let q(z) = 26*z**2 - 10733*z + 21478. Calculate q(2).
116
Let u(o) = o**2 - 5657*o - 73690. Determine u(-13).
20
Let q(t) = 2949*t**2 - 286051*t - 196. Determine q(97).
-2
Let d(r) = -2*r**3 + 169*r**2 + 857*r + 1. Give d(-5).
191
Let u(k) = -k**3 - 947*k**2 - 4728*k - 78. Calculate u(-5).
12
Let q(y) = 8*y + 1315. What is q(-83)?
651
Let j(s) = 79*s - 9027. What is j(118)?
295
Let f(o) = 3*o**3 + 6*o**2 + 2477*o - 17191. Calculate f(7).
1471
Let t(k) = -3*k**3 + k**2 - 1297*k - 10157. Calculate t(-7).
0
Let b(x) = 2*x**3 + 22*x**2 - 93*x - 1872. What is b(-11)?
-849
Let i(j) = -j**3 + 335*j**2 + 1416*j - 362869. Calculate i(336).
11
Let h(g) = -1106*g + 910. Give h(0).
910
Let w(j) = -j**3 + 387*j**2 - 20319*j - 5845. Give w(63).
14
Let k(r) = -3423*r - 232832. Calculate k(-68).
-68
Let a(k) = k**3 - 34*k**2 + 76*k - 2483. Calculate a(34).
101
Let a(c) = 59064*c - 885966. Give a(15).
-6
Let h(b) = -b**3 + 186*b**2 + 2167*b - 370318. Calculate h(187).
-58
Let a(d) = -d**3 - 5*d**2 - 683*d - 6138. Determine a(-9).
333
Let i(w) = -w**2 + 376*w - 27228. Determine i(98).
16
Let z(g) = 84*g**2 + 15786*g - 482. What is z(-188)?
646
Let x(h) = 405*h - 21990. Calculate x(55).
285
Let f(k) = 71*k + 2353. Determine f(-26).
507
Let l(a) = -a**3 - 63*a**2 + 281*a + 952. Give l(-67).
81
Let b(n) = 4*n**3 - 79*n**2 - 728*n + 18. Determine b(-8).
-1262
Let b(q) = 2072*q + 142910. What is b(-69)?
-58
Let k(j) = 5*j + 645. What is k(41)?
850
Let d(s) = -129*s**2 + 22*s - 45. Give d(2).
-517
Let w(y) = -16*y**2 - 211*y - 891. Determine w(-4).
-303
Let r(p) = -21*p**2 - 9978*p - 972833. Determine r(-137).
4
Let h(q) = 340*q - 2945. Determine h(8).
-225
Let z(v) = -29032*v + 57712. Give z(2).
-352
Let c(s) = s**3 - 102*s**2 + 2080*s - 712. What is c(74)?
-120
Let b(z) = -2*z**2 - 906*z + 3460. Determine b(0).
3460
Let s(g) = g**3 - 141*g - 1323. Calculate s(-12).
-1359
Let t(i) = 22*i + 87. What is t(36)?
879
Let n(c) = 2*c**3 + 511*c**2 + 16002*c + 3282. Determine n(-219).
-3
Let z(r) = -14*r**2 - 199*r - 227. What is z(-13)?
-6
Let q(j) = -2*j**2 - 103*j + 16632. Calculate q(69).
3
Let y(z) = z**3 + 45*z**2 - 52*z - 185. Give y(-46).
91
Let k(t) = -268*t + 21687. Determine k(81).
-21
Let r(o) = -2*o**3 + 209*o**2 + 787*o - 49709. Calculate r(106).
5
Let a(z) = -53*z + 3585. Calculate a(55).
670
Let b(x) = 20*x**2 - 2685*x + 26863. What is b(10)?
2013
Let s(g) = -725*g - 1185. Give s(-4).
1715
Let t(q) = -7*q**2 - 787*q + 456. Calculate t(-113).
4
Let r(a) = -40*a - 3358. Calculate r(-83).
-38
Let x(c) = 3087*c + 6259. Determine x(-2).
85
Let y(x) = -2*x**2 + 156*x + 130264. Determine y(297).
178
Let f(o) = -21*o**3 - 133*o**2 + 30*o + 431. What is f(-6)?
-1
Let j(w) = 306*w**3 + 24482*w**2 + 151*w - 718. Give j(-80).
2
Let m(s) = 3083*s + 2503375. Give m(-812).
-21
Let m(i) = -149*i - 35763. What is m(-240)?
-3
Let g(w) = 238*w + 2123. Determine g(-23).
-3351
Let g(t) = t**3 - 256*t**2 - 1043*t + 1072. Calculate g(260).
292
Let g(q) = 54*q**2 + 108*q + 15. Calculate g(-1).
-39
Let j(z) = 4*z**3 + 1098*z**2 + 10031*z - 10370. What is j(-265)?
-35
Let k(q) = -1908*q + 4969. Give k(3).
-755
Let y(j) = 7*j**2 - 1031*j - 13900. Give y(160).
340
Let s(k) = 7*k**2 + 5792*k + 68488. Give s(-12).
-8
Let a(m) = 9*m**2 + 21471*m - 64424. What is a(3)?
70
Let n(i) = 19135*i + 306196. What is n(-16)?
36
Let t(v) = 2215*v + 44121. Calculate t(-20).
-179
Let r(p) = 5*p**2 + 513*p + 5648. Give r(-90).
-22
Let i(d) = 159*d**3 + 19*d**2 - 100*d - 197. What is i(-2)?
-1193
Let i(f) = f**3 + 142*f**2 + 7*f + 798. Calculate i(-142).
-196
Let b(u) = 9489*u + 559861. Determine b(-59).
10
Let m(h) = -70*h**2 + 5080*h - 2838. Give m(72).
42
Let d(k) = 6*k**3 + k**2 - 638*k - 2567. What is d(-4)?
-383
Let f(l) = -166074*l - 166082. Determine f(-1).
-8
Let a(q) = -227*q - 837. Determine a(-5).
298
Let m(t) = -3*t**3 - 539*t**2 - 778*t + 19962. What is m(-178)?
26
Let g(b) = b**3 - 13*b**2 - 963*b + 18095. Calculate g(19).
1964
Let l(t) = 5894*t - 118073. Determine l(20).
-193
Let b(y) = y**3 + 851*y**2 + 59596*y - 1548. What is b(-774)?
0
Let q(u) = 26*u - 1424. Give q(39).
-410
Let c(u) = -200483*u - 4009653. Calculate c(-20).
7
Let c(a) = -12*a**2 + 136*a - 150. Determine c(16).
-1046
Let t(r) = r**3 + 29*r**2 + 83*r + 78. Calculate t(-26).
-52
Let z(c) = -20799*c - 3577464. What is z(-172)?
-36
Let t(k) = -35164*k - 35178. Determine t(-1).
-14
Let g(i) = 781*i + 72631. Determine g(-93).
-2
Let g(s) = 5*s**2 - 1372*s + 82029. Calculate g(88).
13
Let w(l) = -27837*l + 277724. Determine w(10).
-646
Let j(v) = -106*v + 102. Calculate j(40).
-4138
Let c(t) = -36393*t + 7751722. Calculate c(213).
13
Let a(y) = 200*y + 2097. What is a(-11)?
-103
Let k(x) = -2816*x + 625162. Calculate k(222).
10
Let w(m) = -835*m + 29713. Calculate w(36).
-347
Let p(v) = 2*v**3 + 5*v**2 - 2266*v - 9086. Determine p(-4).
-70
Let s(r) = 141927*r + 425714. What is s(-3)?
-67
Let i(t) = t**3 + 34*t**2 + 215*t - 602. Give i(-24).
-2
Let v(j) = 2696*j - 310038. Calculate v(115).
2
Let q(y) = 217*y**2 - 600*y + 2. Give q(3).
155
Let k(b) = -2*b**2 - 187*b - 1437. Calculate k(-85).
8
Let u(f) = -2*f**2 - 230*f - 1120. Give u(-5).
-20
Let i(q) = q**3 + 91*q**2 + 640*q + 778. Calculate i(-6).
-2
Let v(z) = z**2 - 7798*z - 117177. Calculate v(-15).
18
Let k(b) = -111*b**2 - 24151*b + 10314. Determine k(-218).
68
Let y(r) = r**3 + 8*r**2 + 1061*r + 10812. Calculate y(-10).
2
Let a(y) = -78798*y + 236343. What is a(3)?
-51
Let i(z) = -5*z**2 - 48568*z - 485186. What is i(-10)?
-6
Let m(z) = 18*z**3 - 560*z**2 + 156*z - 2879. What is m(31)?
35
Let l(f) = -8639*f + 1131723. Give l(131).
14
Let h(n) = -3*n**2 - 346*n + 1142. Give h(-120).
-538
Let f(z) = 2*z**3 + 20*z**2 + 70*z + 818. What is f(-12)?
-598
Let v(h) = 3638*h + 47299. Calculate v(-13).
5
Let h(z) = -7*z**3 - 2116*z**2 - 567*z + 11168. Calculate h(-302).
-6
Let j(z) = z**3 + 297*z**2 - 601*z - 886. What is j(-299)?
11
Let s(u) = u**2 + 7260*u + 2516689. Give s(-365).
14
Let z(n) = n**3 - 41*n**2 + 179*n - 1268. Calculate z(37).
-121
Let b(o) = -5*o**3 - 654*o**2 - 660*o - 18189. Calculate b(-130).
11
Let n(b) = 8*b**2 + 108*b + 46. Calculate n(-6).
-314
Let l(f) = f**3 - 52*f**2 - 66*f + 4716. What is l(52)?
1284
Let t(g) = g**3 + 46*g**2 - 16133*g - 756046. Determine t(-47).
-4
Let z(o) = -7*o**3 + 259*o**2 + 75036*o - 2776335. Give z(37).
-3
Let a(c) = 95933*c - 959368. What is a(10)?
-38
Let j(b) = b**2 - 592*b + 29996. What is j(536)?
-20
Let c(w) = 6*w**2 - 2346*w - 2307. What is c(392)?
45
Let b(d) = d**2 - 184*d - 38172. Determine b(-124).
20
Let d(p) = 630*p**2 - 4402*p - 78. Determine d(7).
-22
Let y(j) = -909*j - 88058. Give y(-97).
115
Let g(m) = 99*m + 7741. Calculate g(-83).
-476
Let p(k) = 2563*k - 171711. Determine p(67).
10
Let f(j) = -2*j**3 + 8*j**2 + 3073*j + 18095. Give f(-6).
377
Let s(a) = -423*a + 12541. Calculate s(21).
3658
Let y(b) = 17*b**2 + 68*b - 17. Calculate y(-7).
340
Let o(c) = -4*c**3 + 423*c**2 - 8237*c - 181. Calculate o(80).
59
Let j(d) = -4*d**3 + 12*d**2 + 2575*d - 5178. What is j(2)?
-12
Let s(b) = -317*b - 110. Give s(-1).
207
Let o(v) = -v**3 - 228*v**2 - 712*v - 83. Calculate o(-3).
28
Let j(v) = -v**3 + 370*v**2 + 369*v + 2074. Calculate j(371).
1332
Let d(p) = -74*p**2 - 28*p + 249. What is d(-2)?
9
Let w(c) = 3*c**2 + 6838*c + 41051. Determine w(-6).
131
Let i(t) = -2*t**3 + 22*t**2 - 183*t + 1182. Calculate i(9).
-141
Let d(k) = 7*k**2 + 438*k - 29722. Give d(41).
3
Let m(h) = -2*h**3 + 109*h**2 + 151*h - 11350. What is m(54)?
-280
Let i(c